?
6
Let y be (-18)/(-12)*(-12)/(-9). What is the units digit of 3/(-2)*y + (34 - -100)?
1
Suppose 32 = 3*m + 5*h, 4*m = 5*h - h. Let z(b) = -8*b - m*b**2 + 7 + 0 + 3*b + 3*b**2. What is the units digit of z(-5)?
7
Suppose 0*d + 3*d = q + 4, 3*q - 12 = -3*d. What is the tens digit of 21/14 + 61/q?
3
Let c = 177 - 20. What is the hundreds digit of c?
1
Let r be (6/(2*-1))/(36/1128). Let g = r - -204. What is the hundreds digit of g?
1
Let z(j) = j**2 - 10*j + 4. Let h be z(8). Let v(m) = -19*m - 2 - 13*m**2 + 4 + 7*m - m**3. What is the units digit of v(h)?
2
Let z(o) = 25*o**2 - 22*o - 129. What is the tens digit of z(-5)?
0
Suppose 0 = -8*c + 307 + 285. Let p = c + -33. What is the tens digit of p?
4
Let b(k) = -6*k**2 + 4*k + 13. Let v(m) = m**2 - m + 1. Let r(w) = b(w) + 5*v(w). What is the units digit of r(-4)?
6
Let k = 9 - -657. What is the units digit of k?
6
Suppose -3*q = -3*l - 1968, q - 286 - 370 = -5*l. What is the tens digit of q?
5
Suppose -10*g = -14*g + 12. Suppose 0 = -g*d - 183 + 9. Let q = d - -102. What is the units digit of q?
4
Let q(d) = -39*d + 3. Let x be q(-1). Let z = 48 + x. What is the units digit of z?
0
Let n(y) = -5*y - 12. Suppose 4*l - p + 101 = 0, -3*p = -3*l + l - 53. Let g = l - -19. What is the tens digit of n(g)?
1
Suppose -3*l + 66 = -0*l. What is the tens digit of (-137)/(-2) - (-11)/l?
6
Let p be 1/1 - 3*-1. Suppose 2*a - p*a = 4*g - 92, -3*g - a + 70 = 0. What is the units digit of ((-80)/g)/((-1)/6)?
0
Suppose 2*r + 20 = -3*r. What is the tens digit of ((-8)/(-6))/r - (-172)/3?
5
Let m(o) = -39*o - 26. What is the hundreds digit of m(-15)?
5
Suppose 3*k - 6 = 3. Let h be 0/k + 2 + -24. What is the units digit of 50 + -1 + 21 + h?
8
Let k = -92 - -219. Let m = -65 + k. What is the tens digit of m?
6
Let n(x) = 3*x - 3. Let u be n(2). Suppose -u*h + 10 = 1. Suppose -f + 57 = h*d, 19 = -3*d + 4*d - 5*f. What is the units digit of d?
9
Let y = -1432 + 2652. What is the tens digit of y?
2
Let o = 18 - -82. Let j = -28 + o. What is the units digit of j?
2
Let f = -15 - -20. Let u be (-1)/(-1)*(-5 + f). Suppose -2*v = -4*p - 4*v + 36, 3*v = u. What is the units digit of p?
9
Suppose -75432 = -219*s + 195*s. What is the tens digit of s?
4
Suppose -5*o + 23 - 3 = 0. Suppose -o*p = -5*i - 11, 2*i - 2 = -p + 4. Suppose -d + p*d = 69. What is the units digit of d?
3
What is the units digit of ((-120)/50)/(-2 + 97/50)?
0
Let r(u) = 3*u**3 + 3*u**2 - 3*u + 1. Let b be r(1). Suppose b*t - 109 = -5*g, 5*g = t + 3*t - 59. What is the tens digit of t?
2
Suppose -s = 5*v - 13548, -v + 2697 = 27*s - 31*s. What is the hundreds digit of v?
7
Suppose 10*j - 40 = 50. What is the tens digit of 4/(-22) - (1443/(-11) + j)?
2
Let h be (-2)/(8/31) - (-3)/(-12). What is the tens digit of h*(8 - 4)/(-2)?
1
Suppose -50*x = -59*x + 11565. What is the hundreds digit of x?
2
Let g(v) = -v - 56. Let x be g(0). Let i = 94 + x. What is the units digit of i?
8
Let z = 526 + -227. What is the units digit of z?
9
Let r(c) = -2*c**2 - 6*c + 1212. What is the hundreds digit of r(0)?
2
Let s = -65 + 20. Let d = -31 - s. Suppose -c + 2 = -d. What is the tens digit of c?
1
What is the hundreds digit of (-13)/(91/14) - 1*-371?
3
Suppose -2*j + 11918 = 2*z, -4*z + 1059 + 16819 = 3*j. What is the hundreds digit of j?
9
What is the tens digit of -12 + 8 - -1412*(-3)/(-3)?
0
Suppose -312 = 10*o + 348. Let f = o + 132. What is the units digit of f?
6
Suppose -3*l + 4*l - 26 = 0. Suppose d + 0*d = l. What is the units digit of d?
6
Suppose 2*v = 4*v + 2*r - 570, v = -2*r + 286. Let g = v + -132. What is the tens digit of g?
5
Let f be -18*((-30)/9 + 2). What is the units digit of (-1114)/(-30) + f/(-180)?
7
Suppose 0*f = -2*f + 10. Let b(p) = 3*p - f*p + 2*p**2 - 9 - p**2. What is the units digit of b(7)?
6
Let h(z) = -z**2 + 8*z - 7. Let u be h(6). Suppose -u*p + 179 = -556. What is the hundreds digit of p?
1
Suppose 5*c = -0*c + 5. Let k be (c + -2)/(1/19). Let l = 38 + k. What is the units digit of l?
9
Suppose -2*b + 4*b + 2*g = -2, 0 = -4*b - 2*g + 4. Let x = 6 - b. Let f(k) = 3*k + 4. What is the tens digit of f(x)?
1
Let t = 40 + -67. Let d = t - -48. Let k = 38 - d. What is the tens digit of k?
1
Let t = -236 + 4235. What is the hundreds digit of t?
9
What is the tens digit of (-4)/(-4) + 535/1?
3
Let k(n) = 232*n + 225. What is the thousands digit of k(7)?
1
Let t(l) = -l - l**2 + 35 + 16 - 3*l + 6*l. Let a be 0*((-3)/(-6))/(-1). What is the tens digit of t(a)?
5
Let s = 4763 + -3097. What is the tens digit of s?
6
Suppose -t + 0*t + r + 12 = 0, 0 = 4*t + 5*r - 12. Suppose -5*i + 2*y + t = 0, y = -4*i + i + 7. What is the units digit of 3/2*1*i?
3
Suppose -204 = r - 605. What is the units digit of r?
1
Suppose 0 = -5*x + 5*g + 4515, 6*x - 4*x = -5*g + 1806. What is the tens digit of x?
0
What is the units digit of (-35442)/(-48) - (-1)/(-8)*3?
8
Suppose 4*b - 4*t - 481 = 463, 2*b + t - 478 = 0. Suppose -7*h + b + 539 = 0. What is the hundreds digit of h?
1
Let g = 49 + -27. What is the units digit of (g/(-6))/((-1)/6)?
2
Let w(g) = 246*g**3 + 3*g**2 + 4*g - 5. What is the units digit of w(1)?
8
Let l(m) be the second derivative of -94*m**3/3 + 8*m**2 + 9*m. What is the units digit of l(-1)?
4
Let z be ((-1)/(-2))/((-1)/(-6)). Suppose 0 = 5*b + 4*y - 38, -2*b - y - 10 = -4*b. Suppose z*g = b*g - 9. What is the units digit of g?
3
Let f be 25/(-10)*12/(-10). Suppose f*g - 18 + 3 = 0. What is the units digit of g?
5
Let y(q) = -q**3 + 8. Let g be y(0). Let t = g - 11. What is the tens digit of t*(0 + 56/(-12))?
1
Let n be (30/(-4))/5*-2. Suppose t + n*t = 132. What is the units digit of t?
3
Suppose 4*h - 4*f + 5*f + 2323 = 0, 0 = -3*h + 5*f - 1771. Let k = h - -833. What is the units digit of k?
1
Suppose 2800 = -20*f + 16160. What is the hundreds digit of f?
6
What is the tens digit of (-1)/((-28355)/5670 + 5)?
3
Suppose 61*u - 71390 = 6*u. What is the tens digit of u?
9
Let h(g) = -g**3 + 5*g**2 + g - 5. Let d be h(5). Suppose d*v - 2*v = 0. Suppose -2 = -2*w - v. What is the units digit of w?
1
Suppose 6*y = 2*y - g - 939, 4*y = -4*g - 936. Let n = -74 - y. What is the hundreds digit of n?
1
Let j(a) = 4*a**2 + 21*a + 8. Let m be j(-8). Suppose 0 = 18*r - 19*r + m. What is the tens digit of r?
9
What is the tens digit of (-792)/15*(-12 + (-133)/(-14))?
3
Let m be ((-100)/20)/((-2)/166). Suppose 7*n - 2*n = m. Suppose -n = -3*f + 43. What is the tens digit of f?
4
Let f be 3/15 - (-3)/(-15). Suppose -3*h - 18 = -f*l - l, -h = 3*l - 44. Suppose -l = 2*p - 5*p. What is the units digit of p?
5
Let h be 2/((-7)/((-14)/(-4)))*-26. Let l = 89 - h. What is the units digit of l?
3
Suppose 0 = 8*u - 1561 - 1287. What is the tens digit of u?
5
Suppose 5*x - 27 = 198. What is the tens digit of x/10*10 + 2?
4
Let a(l) be the third derivative of 1/3*l**4 + 1/120*l**6 + 0 - 13*l**2 + 0*l + 13/60*l**5 + 7/3*l**3. What is the tens digit of a(-12)?
6
What is the units digit of (-1188)/(-3) - (5 - 5)*-1?
6
Let f be -2 - (-1 + -2 - (-2 - -1)). What is the units digit of 8 - (f - -4) - -95?
9
Let k = 1505 - -3526. What is the tens digit of k?
3
Let t(u) = -2*u**2 + 3*u. Let l(f) = f**2 + 5*f + 4. Let b be l(-5). Let o be t(b). What is the tens digit of 15*(48/o)/(-3)?
1
Let j(z) = -9*z - 13. What is the units digit of j(-19)?
8
Suppose g - 3156 = 3*f, 5*g - 21685 = f - 5919. What is the tens digit of g?
5
Suppose -10 = 5*x - 20. Suppose 0*h - 96 = -x*h. What is the units digit of (-1 + 0)/((-3)/h)?
6
Suppose -3*p + 5*a + 49 = 0, -5*p = -0*a + 3*a - 25. Let d = 85 - p. What is the tens digit of d?
7
Suppose 32 = -b - 5*p + 548, 4*b + 5*p = 2064. What is the units digit of b?
6
Let m = -107 - -156. Let a = m + -24. What is the units digit of a?
5
Suppose -3*p + i + i + 1376 = 0, 1372 = 3*p - 4*i. Suppose 2*v = -3*v + p. What is the units digit of v?
2
Suppose -2*u + 5*y = -47, -u - 7*y = -3*y - 4. What is the tens digit of u?
1
Suppose 0 = -d, a - 5*d - 74 - 171 = 0. What is the units digit of a?
5
What is the hundreds digit of (-5 - (-5 - 3471)) + 9 + -5?
4
Let o = 32 - -37. Suppose -o = -0*q - q. What is the units digit of q?
9
Let u(r) be the first derivative of -28*r**3 - r**2/2 + r + 3. Let c be u(1). Let s = 123 + c. What is the tens digit of s?
3
Let q(p